{"id":198,"date":"2021-03-26T12:06:25","date_gmt":"2021-03-26T12:06:25","guid":{"rendered":"http:\/\/www.pracownia-senso.pl\/?page_id=198"},"modified":"2021-03-26T12:07:44","modified_gmt":"2021-03-26T12:07:44","slug":"oferta","status":"publish","type":"page","link":"http:\/\/www.pracownia-senso.pl\/?page_id=198","title":{"rendered":"Oferta"},"content":{"rendered":"\n<div class=\"wp-block-columns\">\n<div class=\"wp-block-column\">\n<p>Specjalizujemy si\u0119 w obr\u00f3bce drewna, tworzyw sztucznych czy te\u017c materia\u0142\u00f3w drewnopochodnych. Do realizacji projekt\u00f3w wykorzystujemy frezarki w technologii CNC. Umo\u017cliwiaj\u0105 one obr\u00f3bk\u0119 powierzchni 2D a tak\u017ce bry\u0142 3D. Oferujemy wykonanie projekt\u00f3w wed\u0142ug dostarczonych rysunk\u00f3w technicznych jak r\u00f3wnie\u017c wsp\u00f3lne ich opracowanie. Pracujemy na materiale w\u0142asnym oraz powierzonym przez klienta.<\/p>\n<\/div>\n<\/div>\n\n\n\n<div class=\"wp-block-columns\">\n<div class=\"wp-block-column\">\n<p>Proces realizacji zlecenia odbywa si\u0119 poprzez dostarczenie rysunk\u00f3w technicznych w formatach:<br>dwg,dxf,<br>eps, ai,<br>3dm, 3ds.<\/p>\n<\/div>\n\n\n\n<div class=\"wp-block-column\">\n<p>Istnieje mo\u017cliwo\u015b\u0107 w\u0142asnego zaplanowania projektu. Zapraszamy do naszego biura mieszcz\u0105cego si\u0119 przy ul. Z\u0142otej 80 w Kaliszu.<br>Oferujemy pomoc przy projektowaniu.<br>Wykonujemy prototypy.<br>Bierzemy czynny udzia\u0142 w realizacji projektu od pocz\u0105tku do jego zamkni\u0119cia.<\/p>\n<\/div>\n<\/div>\n\n\n\n<p><\/p>\n","protected":false},"excerpt":{"rendered":"<p>Specjalizujemy si\u0119 w obr\u00f3bce drewna, tworzyw sztucznych czy te\u017c materia\u0142\u00f3w drewnopochodnych. Do realizacji projekt\u00f3w wykorzystujemy frezarki w technologii CNC. Umo\u017cliwiaj\u0105 one obr\u00f3bk\u0119 powierzchni 2D a tak\u017ce bry\u0142 3D. Oferujemy wykonanie projekt\u00f3w wed\u0142ug dostarczonych rysunk\u00f3w technicznych jak r\u00f3wnie\u017c wsp\u00f3lne ich opracowanie. Pracujemy na materiale w\u0142asnym oraz powierzonym przez klienta. Proces realizacji zlecenia odbywa si\u0119 poprzez dostarczenie&hellip;&nbsp;<a href=\"http:\/\/www.pracownia-senso.pl\/?page_id=198\" class=\"\" rel=\"bookmark\">Czytaj wi\u0119cej &raquo;<span class=\"screen-reader-text\">Oferta<\/span><\/a><\/p>\n","protected":false},"author":1,"featured_media":0,"parent":0,"menu_order":0,"comment_status":"closed","ping_status":"closed","template":"","meta":{"neve_meta_sidebar":"full-width","neve_meta_container":"","neve_meta_enable_content_width":"on","neve_meta_content_width":100,"neve_meta_title_alignment":"","neve_meta_author_avatar":"","neve_post_elements_order":"","neve_meta_disable_header":"","neve_meta_disable_footer":"","neve_meta_disable_title":""},"_links":{"self":[{"href":"http:\/\/www.pracownia-senso.pl\/index.php?rest_route=\/wp\/v2\/pages\/198"}],"collection":[{"href":"http:\/\/www.pracownia-senso.pl\/index.php?rest_route=\/wp\/v2\/pages"}],"about":[{"href":"http:\/\/www.pracownia-senso.pl\/index.php?rest_route=\/wp\/v2\/types\/page"}],"author":[{"embeddable":true,"href":"http:\/\/www.pracownia-senso.pl\/index.php?rest_route=\/wp\/v2\/users\/1"}],"replies":[{"embeddable":true,"href":"http:\/\/www.pracownia-senso.pl\/index.php?rest_route=%2Fwp%2Fv2%2Fcomments&post=198"}],"version-history":[{"count":1,"href":"http:\/\/www.pracownia-senso.pl\/index.php?rest_route=\/wp\/v2\/pages\/198\/revisions"}],"predecessor-version":[{"id":199,"href":"http:\/\/www.pracownia-senso.pl\/index.php?rest_route=\/wp\/v2\/pages\/198\/revisions\/199"}],"wp:attachment":[{"href":"http:\/\/www.pracownia-senso.pl\/index.php?rest_route=%2Fwp%2Fv2%2Fmedia&parent=198"}],"curies":[{"name":"wp","href":"https:\/\/api.w.org\/{rel}","templated":true}]}}